{"id":1428,"date":"2016-08-24T07:15:51","date_gmt":"2016-08-24T07:15:51","guid":{"rendered":"http:\/\/www.usterbr\u00e4u-memorial.ch\/memorial\/?page_id=1428"},"modified":"2016-08-24T07:41:59","modified_gmt":"2016-08-24T07:41:59","slug":"eintrag-erstellen","status":"publish","type":"page","link":"http:\/\/www.usterbr\u00e4u-memorial.ch\/memorial\/?page_id=1428","title":{"rendered":"neuer G\u00e4stebuch-Eintrag"},"content":{"rendered":"<p>Ihr G\u00e4stebuch-Eintrag wird von Administrator \u00fcberpr\u00fcft und dann ver\u00f6ffentlicht.<\/p>\n","protected":false},"excerpt":{"rendered":"<p>Ihr G\u00e4stebuch-Eintrag wird von Administrator \u00fcberpr\u00fcft und dann ver\u00f6ffentlicht.<\/p>\n","protected":false},"author":1,"featured_media":0,"parent":1421,"menu_order":0,"comment_status":"closed","ping_status":"closed","template":"","meta":[],"_links":{"self":[{"href":"http:\/\/www.usterbr\u00e4u-memorial.ch\/memorial\/index.php?rest_route=\/wp\/v2\/pages\/1428"}],"collection":[{"href":"http:\/\/www.usterbr\u00e4u-memorial.ch\/memorial\/index.php?rest_route=\/wp\/v2\/pages"}],"about":[{"href":"http:\/\/www.usterbr\u00e4u-memorial.ch\/memorial\/index.php?rest_route=\/wp\/v2\/types\/page"}],"author":[{"embeddable":true,"href":"http:\/\/www.usterbr\u00e4u-memorial.ch\/memorial\/index.php?rest_route=\/wp\/v2\/users\/1"}],"replies":[{"embeddable":true,"href":"http:\/\/www.usterbr\u00e4u-memorial.ch\/memorial\/index.php?rest_route=%2Fwp%2Fv2%2Fcomments&post=1428"}],"version-history":[{"count":4,"href":"http:\/\/www.usterbr\u00e4u-memorial.ch\/memorial\/index.php?rest_route=\/wp\/v2\/pages\/1428\/revisions"}],"predecessor-version":[{"id":1440,"href":"http:\/\/www.usterbr\u00e4u-memorial.ch\/memorial\/index.php?rest_route=\/wp\/v2\/pages\/1428\/revisions\/1440"}],"up":[{"embeddable":true,"href":"http:\/\/www.usterbr\u00e4u-memorial.ch\/memorial\/index.php?rest_route=\/wp\/v2\/pages\/1421"}],"wp:attachment":[{"href":"http:\/\/www.usterbr\u00e4u-memorial.ch\/memorial\/index.php?rest_route=%2Fwp%2Fv2%2Fmedia&parent=1428"}],"curies":[{"name":"wp","href":"https:\/\/api.w.org\/{rel}","templated":true}]}}